{"id":97,"date":"2024-07-26T21:16:49","date_gmt":"2024-07-26T19:16:49","guid":{"rendered":"https:\/\/www.institutdeslangagesvibratoires.fr\/?post_type=product&#038;p=97"},"modified":"2025-11-14T16:44:04","modified_gmt":"2025-11-14T15:44:04","slug":"offre-1","status":"publish","type":"product","link":"https:\/\/www.institutdeslangagesvibratoires.fr\/index.php\/produit\/offre-1\/","title":{"rendered":"Immersion individuelle d&rsquo;1 mois"},"content":{"rendered":"<h3 data-start=\"384\" data-end=\"451\">Une exp\u00e9rience pour approfondir votre posture professionnelle<\/h3>\n<p data-start=\"453\" data-end=\"792\">Je vous propose un voyage d\u2019un mois, con\u00e7u comme un catalyseur de votre exploration int\u00e9rieure et comme un tremplin pour enrichir votre pratique professionnelle.<br \/>\nCette immersion vous permet de vivre, de l\u2019int\u00e9rieur, les bases de la communication vibratoire afin de les int\u00e9grer ensuite dans votre mani\u00e8re d\u2019accompagner.<\/p>\n<p data-start=\"794\" data-end=\"1202\">En tant qu\u2019aidante vous savez que vos \u00e9motions et vos ressentis influencent votre posture.<br \/>\nRessentez-vous parfois ces contrastes int\u00e9rieurs, comme si plusieurs facettes de vous s\u2019exprimaient en m\u00eame temps ?<br \/>\nPlut\u00f4t que de les consid\u00e9rer comme des contradictions, cette immersion vous invite \u00e0 les reconna\u00eetre comme des ressources, des portes d\u2019entr\u00e9e vers une pr\u00e9sence plus compl\u00e8te et incarn\u00e9e.<\/p>\n<hr data-start=\"1204\" data-end=\"1207\">\n<h3 data-start=\"1209\" data-end=\"1232\">Le chemin propos\u00e9<\/h3>\n<p data-start=\"1234\" data-end=\"1357\">Chaque semaine, vous explorez un axe essentiel, \u00e0 travers des pratiques concr\u00e8tes et exp\u00e9rientielles :<\/p>\n<ul data-start=\"1359\" data-end=\"1922\">\n<li data-start=\"1359\" data-end=\"1485\">\n<p data-start=\"1361\" data-end=\"1485\"><strong data-start=\"1361\" data-end=\"1374\">Semaine 1<\/strong> : Activation des langages vibratoires, r\u00e9gulation du syst\u00e8me nerveux et exploration des ressentis corporels.<\/p>\n<\/li>\n<li data-start=\"1486\" data-end=\"1647\">\n<p data-start=\"1488\" data-end=\"1647\"><strong data-start=\"1488\" data-end=\"1501\">Semaine 2<\/strong> : Rencontre et accueil de vos diff\u00e9rentes parts int\u00e9rieures, avec le langage vibratoire comme soutien pour transformer vos \u00e9motions en alli\u00e9es.<\/p>\n<\/li>\n<li data-start=\"1648\" data-end=\"1772\">\n<p data-start=\"1650\" data-end=\"1772\"><strong data-start=\"1650\" data-end=\"1663\">Semaine 3<\/strong> : Mise en r\u00e9sonance avec vos ressources profondes, vos pratiques actuelles et outils existants, reli\u00e9es \u00e0 votre Pr\u00e9sence.<\/p>\n<\/li>\n<li data-start=\"1773\" data-end=\"1922\">\n<p data-start=\"1775\" data-end=\"1922\"><strong data-start=\"1775\" data-end=\"1788\">Semaine 4<\/strong> : Ouverture vers l\u2019\u00e9criture intuitive et les symboles vibratoires, pour enrichir votre capacit\u00e9 \u00e0 \u00e9couter, traduire et transmettre.<\/p>\n<\/li>\n<\/ul>\n<hr data-start=\"1924\" data-end=\"1927\">\n<h3 data-start=\"1929\" data-end=\"1944\">Modalit\u00e9s<\/h3>\n<ul data-start=\"1946\" data-end=\"2196\">\n<li data-start=\"1946\" data-end=\"1989\">\n<p data-start=\"1948\" data-end=\"1989\"><strong data-start=\"1948\" data-end=\"1978\">1 s\u00e9ance hebdomadaire d\u20191h<\/strong><strong>30<\/strong> en visio<\/p>\n<\/li>\n<li data-start=\"1990\" data-end=\"2058\">\n<p data-start=\"1992\" data-end=\"2058\"><strong data-start=\"1992\" data-end=\"2028\">\u00c9changes de soutien via WhatsApp<\/strong> tout au long des 4 semaines<\/p>\n<\/li>\n<li data-start=\"2059\" data-end=\"2196\">\n<p data-start=\"2061\" data-end=\"2196\">Travail personnel entre les s\u00e9ances pour int\u00e9grer la pratique dans votre quotidien<\/p>\n<\/li>\n<\/ul>\n<hr data-start=\"2198\" data-end=\"2201\">\n<p data-start=\"2203\" data-end=\"2521\">\u2728 <em data-start=\"2205\" data-end=\"2519\">Cette immersion est \u00e0 la fois un espace pour vous rencontrer en profondeur et une exp\u00e9rience d\u2019apprentissage qui transforme votre posture professionnelle. Vous d\u00e9veloppez une stabilit\u00e9 int\u00e9rieure, une qualit\u00e9 de pr\u00e9sence et une conscience vibratoire que vous pourrez mettre directement au service de vos clients.<\/em><\/p>\n","protected":false},"excerpt":{"rendered":"<p>Une exp\u00e9rience pour approfondir votre posture professionnelle Je vous propose un voyage d\u2019un mois, con\u00e7u comme un catalyseur de votre exploration int\u00e9rieure et comme un tremplin pour enrichir votre pratique professionnelle. Cette immersion vous permet de vivre, de l\u2019int\u00e9rieur, les bases de la communication vibratoire afin de les int\u00e9grer ensuite [&hellip;]<\/p>\n","protected":false},"featured_media":619,"template":"","meta":[],"product_brand":[],"product_cat":[21],"product_tag":[18],"class_list":{"0":"post-97","1":"product","2":"type-product","3":"status-publish","4":"has-post-thumbnail","6":"product_cat-approuve","7":"product_tag-groupe","9":"first","10":"instock","11":"shipping-taxable","12":"purchasable","13":"product-type-simple"},"_links":{"self":[{"href":"https:\/\/www.institutdeslangagesvibratoires.fr\/index.php\/wp-json\/wp\/v2\/product\/97","targetHints":{"allow":["GET"]}}],"collection":[{"href":"https:\/\/www.institutdeslangagesvibratoires.fr\/index.php\/wp-json\/wp\/v2\/product"}],"about":[{"href":"https:\/\/www.institutdeslangagesvibratoires.fr\/index.php\/wp-json\/wp\/v2\/types\/product"}],"wp:featuredmedia":[{"embeddable":true,"href":"https:\/\/www.institutdeslangagesvibratoires.fr\/index.php\/wp-json\/wp\/v2\/media\/619"}],"wp:attachment":[{"href":"https:\/\/www.institutdeslangagesvibratoires.fr\/index.php\/wp-json\/wp\/v2\/media?parent=97"}],"wp:term":[{"taxonomy":"product_brand","embeddable":true,"href":"https:\/\/www.institutdeslangagesvibratoires.fr\/index.php\/wp-json\/wp\/v2\/product_brand?post=97"},{"taxonomy":"product_cat","embeddable":true,"href":"https:\/\/www.institutdeslangagesvibratoires.fr\/index.php\/wp-json\/wp\/v2\/product_cat?post=97"},{"taxonomy":"product_tag","embeddable":true,"href":"https:\/\/www.institutdeslangagesvibratoires.fr\/index.php\/wp-json\/wp\/v2\/product_tag?post=97"}],"curies":[{"name":"wp","href":"https:\/\/api.w.org\/{rel}","templated":true}]}}

<h3 data-start="384" data-end="451">Une expérience pour approfondir votre posture professionnelle</h3>
<p data-start="453" data-end="792">Je vous propose un voyage d’un mois, conçu comme un catalyseur de votre exploration intérieure et comme un tremplin pour enrichir votre pratique professionnelle.<br />
Cette immersion vous permet de vivre, de l’intérieur, les bases de la communication vibratoire afin de les intégrer ensuite dans votre manière d’accompagner.</p>
<p data-start="794" data-end="1202">En tant qu’aidante vous savez que vos émotions et vos ressentis influencent votre posture.<br />
Ressentez-vous parfois ces contrastes intérieurs, comme si plusieurs facettes de vous s’exprimaient en même temps ?<br />
Plutôt que de les considérer comme des contradictions, cette immersion vous invite à les reconnaître comme des ressources, des portes d’entrée vers une présence plus complète et incarnée.</p>
<hr data-start="1204" data-end="1207">
<h3 data-start="1209" data-end="1232">Le chemin proposé</h3>
<p data-start="1234" data-end="1357">Chaque semaine, vous explorez un axe essentiel, à travers des pratiques concrètes et expérientielles :</p>
<ul data-start="1359" data-end="1922">
<li data-start="1359" data-end="1485">
<p data-start="1361" data-end="1485"><strong data-start="1361" data-end="1374">Semaine 1</strong> : Activation des langages vibratoires, régulation du système nerveux et exploration des ressentis corporels.</p>
</li>
<li data-start="1486" data-end="1647">
<p data-start="1488" data-end="1647"><strong data-start="1488" data-end="1501">Semaine 2</strong> : Rencontre et accueil de vos différentes parts intérieures, avec le langage vibratoire comme soutien pour transformer vos émotions en alliées.</p>
</li>
<li data-start="1648" data-end="1772">
<p data-start="1650" data-end="1772"><strong data-start="1650" data-end="1663">Semaine 3</strong> : Mise en résonance avec vos ressources profondes, vos pratiques actuelles et outils existants, reliées à votre Présence.</p>
</li>
<li data-start="1773" data-end="1922">
<p data-start="1775" data-end="1922"><strong data-start="1775" data-end="1788">Semaine 4</strong> : Ouverture vers l’écriture intuitive et les symboles vibratoires, pour enrichir votre capacité à écouter, traduire et transmettre.</p>
</li>
</ul>
<hr data-start="1924" data-end="1927">
<h3 data-start="1929" data-end="1944">Modalités</h3>
<ul data-start="1946" data-end="2196">
<li data-start="1946" data-end="1989">
<p data-start="1948" data-end="1989"><strong data-start="1948" data-end="1978">1 séance hebdomadaire d’1h</strong><strong>30</strong> en visio</p>
</li>
<li data-start="1990" data-end="2058">
<p data-start="1992" data-end="2058"><strong data-start="1992" data-end="2028">Échanges de soutien via WhatsApp</strong> tout au long des 4 semaines</p>
</li>
<li data-start="2059" data-end="2196">
<p data-start="2061" data-end="2196">Travail personnel entre les séances pour intégrer la pratique dans votre quotidien</p>
</li>
</ul>
<hr data-start="2198" data-end="2201">
<p data-start="2203" data-end="2521">✨ <em data-start="2205" data-end="2519">Cette immersion est à la fois un espace pour vous rencontrer en profondeur et une expérience d’apprentissage qui transforme votre posture professionnelle. Vous développez une stabilité intérieure, une qualité de présence et une conscience vibratoire que vous pourrez mettre directement au service de vos clients.</em></p>

<p>Une expérience pour approfondir votre posture professionnelle Je vous propose un voyage d’un mois, conçu comme un catalyseur de votre exploration intérieure et comme un tremplin pour enrichir votre pratique professionnelle. Cette immersion vous permet de vivre, de l’intérieur, les bases de la communication vibratoire afin de les intégrer ensuite [&hellip;]</p>
