{"id":259,"date":"2024-09-20T21:47:35","date_gmt":"2024-09-20T19:47:35","guid":{"rendered":"https:\/\/www.institutdeslangagesvibratoires.fr\/?post_type=product&#038;p=259"},"modified":"2025-05-13T22:23:18","modified_gmt":"2025-05-13T20:23:18","slug":"immersion-groupe-viso-3-mois","status":"publish","type":"product","link":"https:\/\/www.institutdeslangagesvibratoires.fr\/index.php\/produit\/immersion-groupe-viso-3-mois\/","title":{"rendered":"\/\/ COMPLET \/\/ Masterclass"},"content":{"rendered":"<p><strong>D\u00e9couverte des Langages Vibratoires : Transformez votre Perception et Explorez votre Conscience Vivante<\/strong><\/p>\n<p>Plonge dans une exp\u00e9rience unique de transformation int\u00e9rieure avec cette masterclass d\u2019introduction aux langages vibratoires. Con\u00e7ue comme un v\u00e9ritable voyage, cette session t\u2019invite \u00e0 explorer un monde organique et fluide, o\u00f9 chaque \u00e9motion et chaque ressenti deviennent des alli\u00e9s pour \u00e9largir ta perception de toi-m\u00eame et du monde.<\/p>\n<p>\u00c0 travers des pratiques guid\u00e9es et des moments d\u2019\u00e9change, tu d\u00e9couvriras comment les langages vibratoires peuvent te lib\u00e9rer des sch\u00e9mas de pens\u00e9e lin\u00e9aires et ouvrir un espace de gu\u00e9rison naturelle et harmonieuse. Cette approche immersive te permet de rencontrer tes \u00e9motions, d\u2019accueillir chaque part de toi sans analyse, et de ressentir pleinement l\u2019impact d\u2019un dialogue vivant avec le monde.<\/p>\n<p><strong>Ce que tu vas exp\u00e9rimenter :<\/strong><\/p>\n<ul>\n<li>Une introduction aux langages vibratoires et \u00e0 leur pouvoir transformateur sur ta perception<\/li>\n<li>Des pratiques pour accueillir et lib\u00e9rer tes \u00e9motions, en les d\u00e9couvrant comme des portes vers une conscience vivante<\/li>\n<li>Des explorations pour te connecter \u00e0 une version de toi-m\u00eame plus libre et authentique, au-del\u00e0 des cadres limitants<\/li>\n<li>Un aper\u00e7u des programmes d\u2019accompagnement de l\u2019Institut, con\u00e7us pour poursuivre ce voyage de d\u00e9couverte int\u00e9rieure<\/li>\n<\/ul>\n<p>Cette masterclass est une invitation \u00e0 aller au-del\u00e0 des mots et de la logique, pour explorer un espace vibrant et organique, o\u00f9 chaque sensation devient une cl\u00e9 vers une conscience plus large.<\/p>\n<p><strong>Pr\u00eat-e \u00e0 embarquer pour ce voyage int\u00e9rieur unique ?<\/strong><\/p>\n<p>Dur\u00e9e : 1h30 environ en visio<\/p>\n","protected":false},"excerpt":{"rendered":"<p>D\u00e9couverte des Langages Vibratoires : Transformez votre Perception et Explorez votre Conscience Vivante Plonge dans une exp\u00e9rience unique de transformation int\u00e9rieure avec cette masterclass d\u2019introduction aux langages vibratoires. Con\u00e7ue comme un v\u00e9ritable voyage, cette session t\u2019invite \u00e0 explorer un monde organique et fluide, o\u00f9 chaque \u00e9motion et chaque ressenti deviennent [&hellip;]<\/p>\n","protected":false},"featured_media":621,"template":"","meta":[],"product_brand":[],"product_cat":[21],"product_tag":[],"class_list":{"0":"post-259","1":"product","2":"type-product","3":"status-publish","4":"has-post-thumbnail","6":"product_cat-approuve","8":"first","9":"outofstock","10":"virtual","11":"purchasable","12":"product-type-simple"},"_links":{"self":[{"href":"https:\/\/www.institutdeslangagesvibratoires.fr\/index.php\/wp-json\/wp\/v2\/product\/259","targetHints":{"allow":["GET"]}}],"collection":[{"href":"https:\/\/www.institutdeslangagesvibratoires.fr\/index.php\/wp-json\/wp\/v2\/product"}],"about":[{"href":"https:\/\/www.institutdeslangagesvibratoires.fr\/index.php\/wp-json\/wp\/v2\/types\/product"}],"wp:featuredmedia":[{"embeddable":true,"href":"https:\/\/www.institutdeslangagesvibratoires.fr\/index.php\/wp-json\/wp\/v2\/media\/621"}],"wp:attachment":[{"href":"https:\/\/www.institutdeslangagesvibratoires.fr\/index.php\/wp-json\/wp\/v2\/media?parent=259"}],"wp:term":[{"taxonomy":"product_brand","embeddable":true,"href":"https:\/\/www.institutdeslangagesvibratoires.fr\/index.php\/wp-json\/wp\/v2\/product_brand?post=259"},{"taxonomy":"product_cat","embeddable":true,"href":"https:\/\/www.institutdeslangagesvibratoires.fr\/index.php\/wp-json\/wp\/v2\/product_cat?post=259"},{"taxonomy":"product_tag","embeddable":true,"href":"https:\/\/www.institutdeslangagesvibratoires.fr\/index.php\/wp-json\/wp\/v2\/product_tag?post=259"}],"curies":[{"name":"wp","href":"https:\/\/api.w.org\/{rel}","templated":true}]}}

<p><strong>Découverte des Langages Vibratoires : Transformez votre Perception et Explorez votre Conscience Vivante</strong></p>
<p>Plonge dans une expérience unique de transformation intérieure avec cette masterclass d’introduction aux langages vibratoires. Conçue comme un véritable voyage, cette session t’invite à explorer un monde organique et fluide, où chaque émotion et chaque ressenti deviennent des alliés pour élargir ta perception de toi-même et du monde.</p>
<p>À travers des pratiques guidées et des moments d’échange, tu découvriras comment les langages vibratoires peuvent te libérer des schémas de pensée linéaires et ouvrir un espace de guérison naturelle et harmonieuse. Cette approche immersive te permet de rencontrer tes émotions, d’accueillir chaque part de toi sans analyse, et de ressentir pleinement l’impact d’un dialogue vivant avec le monde.</p>
<p><strong>Ce que tu vas expérimenter :</strong></p>
<ul>
<li>Une introduction aux langages vibratoires et à leur pouvoir transformateur sur ta perception</li>
<li>Des pratiques pour accueillir et libérer tes émotions, en les découvrant comme des portes vers une conscience vivante</li>
<li>Des explorations pour te connecter à une version de toi-même plus libre et authentique, au-delà des cadres limitants</li>
<li>Un aperçu des programmes d’accompagnement de l’Institut, conçus pour poursuivre ce voyage de découverte intérieure</li>
</ul>
<p>Cette masterclass est une invitation à aller au-delà des mots et de la logique, pour explorer un espace vibrant et organique, où chaque sensation devient une clé vers une conscience plus large.</p>
<p><strong>Prêt-e à embarquer pour ce voyage intérieur unique ?</strong></p>
<p>Durée : 1h30 environ en visio</p>

<p>Découverte des Langages Vibratoires : Transformez votre Perception et Explorez votre Conscience Vivante Plonge dans une expérience unique de transformation intérieure avec cette masterclass d’introduction aux langages vibratoires. Conçue comme un véritable voyage, cette session t’invite à explorer un monde organique et fluide, où chaque émotion et chaque ressenti deviennent [&hellip;]</p>
