{"id":336,"date":"2024-10-16T16:09:50","date_gmt":"2024-10-16T14:09:50","guid":{"rendered":"https:\/\/www.institutdeslangagesvibratoires.fr\/?page_id=336"},"modified":"2025-05-20T11:34:28","modified_gmt":"2025-05-20T09:34:28","slug":"centre-de-recherche-des-communications-vibratoires","status":"publish","type":"page","link":"https:\/\/www.institutdeslangagesvibratoires.fr\/index.php\/centre-de-recherche-des-communications-vibratoires\/","title":{"rendered":"Centre de recherche en communication vibratoire"},"content":{"rendered":"\n<h2 class=\"wp-block-heading\"><strong>Sens du projet<\/strong><\/h2>\n\n\n\n<p>Le Centre de recherche en communication vibratoire a pour mission d\u2019\u00e9tudier, comprendre et d\u00e9velopper des outils autour des fr\u00e9quences vibratoires et de leur impact sur le corps, l\u2019esprit, et les relations humaines. Nous croyons que la communication vibratoire est une cl\u00e9 essentielle pour harmoniser nos relations avec nous-m\u00eames, avec les autres, et avec notre environnement. \u00c0 travers cette exploration, nous cherchons \u00e0 mieux comprendre comment les vibrations peuvent nous aider \u00e0 manifester la vie que nous souhaitons, en alignant nos fr\u00e9quences int\u00e9rieures avec les r\u00e9alit\u00e9s que nous voulons incarner.<\/p>\n\n\n\n<h2 class=\"wp-block-heading\"><strong>Champs d\u2019application<\/strong><\/h2>\n\n\n\n<p>Le centre travaille dans plusieurs domaines d\u2019application :<\/p>\n\n\n\n<p>\u2022 \u00c9tude des fr\u00e9quences sonores : Nous explorons l\u2019impact des sons et des vibrations sur le corps et l\u2019esprit, en nous appuyant sur des recherches autour des ondes c\u00e9r\u00e9brales (Alpha, Theta, Delta) et de leur capacit\u00e9 \u00e0 induire des \u00e9tats de relaxation, de concentration, ou de cr\u00e9ativit\u00e9.<\/p>\n\n\n\n<p>\u2022 Technologies vibratoires : Gr\u00e2ce \u00e0 des collaborations avec des experts en technologies de biofeedback et des dispositifs comme les machines de th\u00e9rapie vibroacoustique, nous cherchons \u00e0 mesurer et comprendre comment les vibrations influencent nos \u00e9tats \u00e9motionnels et physiques.<\/p>\n\n\n\n<p>\u2022 <\/p>\n\n\n\n<figure class=\"wp-block-gallery has-nested-images columns-default is-cropped wp-block-gallery-1 is-layout-flex wp-block-gallery-is-layout-flex\">\n<figure class=\"wp-block-image size-large\"><img loading=\"lazy\" decoding=\"async\" width=\"1024\" height=\"1024\" data-id=\"346\" src=\"https:\/\/www.institutdeslangagesvibratoires.fr\/wp-content\/uploads\/2024\/10\/WhatsApp-Image-2024-10-16-at-16.38.47.jpeg\" alt=\"\" class=\"wp-image-346\" srcset=\"https:\/\/www.institutdeslangagesvibratoires.fr\/wp-content\/uploads\/2024\/10\/WhatsApp-Image-2024-10-16-at-16.38.47.jpeg 1024w, https:\/\/www.institutdeslangagesvibratoires.fr\/wp-content\/uploads\/2024\/10\/WhatsApp-Image-2024-10-16-at-16.38.47-230x230.jpeg 230w, https:\/\/www.institutdeslangagesvibratoires.fr\/wp-content\/uploads\/2024\/10\/WhatsApp-Image-2024-10-16-at-16.38.47-160x160.jpeg 160w, https:\/\/www.institutdeslangagesvibratoires.fr\/wp-content\/uploads\/2024\/10\/WhatsApp-Image-2024-10-16-at-16.38.47-600x600.jpeg 600w, https:\/\/www.institutdeslangagesvibratoires.fr\/wp-content\/uploads\/2024\/10\/WhatsApp-Image-2024-10-16-at-16.38.47-300x300.jpeg 300w, https:\/\/www.institutdeslangagesvibratoires.fr\/wp-content\/uploads\/2024\/10\/WhatsApp-Image-2024-10-16-at-16.38.47-150x150.jpeg 150w, https:\/\/www.institutdeslangagesvibratoires.fr\/wp-content\/uploads\/2024\/10\/WhatsApp-Image-2024-10-16-at-16.38.47-768x768.jpeg 768w\" sizes=\"auto, (max-width: 1024px) 100vw, 1024px\" \/><\/figure>\n\n\n\n<figure class=\"wp-block-image size-large\"><img loading=\"lazy\" decoding=\"async\" width=\"1024\" height=\"1024\" data-id=\"350\" src=\"https:\/\/www.institutdeslangagesvibratoires.fr\/wp-content\/uploads\/2024\/10\/WhatsApp-Image-2024-10-16-at-16.38.482.jpeg\" alt=\"\" class=\"wp-image-350\" srcset=\"https:\/\/www.institutdeslangagesvibratoires.fr\/wp-content\/uploads\/2024\/10\/WhatsApp-Image-2024-10-16-at-16.38.482.jpeg 1024w, https:\/\/www.institutdeslangagesvibratoires.fr\/wp-content\/uploads\/2024\/10\/WhatsApp-Image-2024-10-16-at-16.38.482-230x230.jpeg 230w, https:\/\/www.institutdeslangagesvibratoires.fr\/wp-content\/uploads\/2024\/10\/WhatsApp-Image-2024-10-16-at-16.38.482-160x160.jpeg 160w, https:\/\/www.institutdeslangagesvibratoires.fr\/wp-content\/uploads\/2024\/10\/WhatsApp-Image-2024-10-16-at-16.38.482-600x600.jpeg 600w, https:\/\/www.institutdeslangagesvibratoires.fr\/wp-content\/uploads\/2024\/10\/WhatsApp-Image-2024-10-16-at-16.38.482-300x300.jpeg 300w, https:\/\/www.institutdeslangagesvibratoires.fr\/wp-content\/uploads\/2024\/10\/WhatsApp-Image-2024-10-16-at-16.38.482-150x150.jpeg 150w, https:\/\/www.institutdeslangagesvibratoires.fr\/wp-content\/uploads\/2024\/10\/WhatsApp-Image-2024-10-16-at-16.38.482-768x768.jpeg 768w\" sizes=\"auto, (max-width: 1024px) 100vw, 1024px\" \/><\/figure>\n<\/figure>\n\n\n\n<p>\u2022 <\/p>\n\n\n\n<p>Manifestation par les fr\u00e9quences : Le centre s\u2019int\u00e9resse aussi \u00e0 comment nos fr\u00e9quences int\u00e9rieures peuvent \u00eatre des vecteurs de transformation, en \u00e9tudiant comment l\u2019alignement vibratoire permet de manifester des r\u00e9alit\u00e9s concr\u00e8tes dans nos vies.<\/p>\n\n\n\n<p>\u2022 Exp\u00e9riences collectives : Nous organisons des ateliers et des rencontres o\u00f9 les participants sont invit\u00e9s \u00e0 explorer ces concepts \u00e0 travers des exercices pratiques, des s\u00e9ances de m\u00e9ditation, et des \u00e9changes collaboratifs sur les fr\u00e9quences.<\/p>\n\n\n\n<figure class=\"wp-block-gallery has-nested-images columns-default is-cropped wp-block-gallery-2 is-layout-flex wp-block-gallery-is-layout-flex\"><\/figure>\n\n\n\n<h2 class=\"wp-block-heading\"><strong>\u00c0 quoi cela sert-il ?<\/strong><\/h2>\n\n\n\n<p>Notre travail vise \u00e0 cr\u00e9er des ponts entre le monde spirituel, les avanc\u00e9es technologiques, et la science des fr\u00e9quences. En explorant ces domaines, nous d\u00e9veloppons des outils pratiques pour :<\/p>\n\n\n\n<p>\u2022 R\u00e9duire le stress et am\u00e9liorer la sant\u00e9 mentale gr\u00e2ce \u00e0 l\u2019utilisation de fr\u00e9quences sp\u00e9cifiques qui favorisent le bien-\u00eatre.<\/p>\n\n\n\n<p>\u2022 Optimiser les capacit\u00e9s cognitives par l\u2019influence des vibrations sur les ondes c\u00e9r\u00e9brales, en permettant une concentration et une cr\u00e9ativit\u00e9 accrues.<\/p>\n\n\n\n<p>\u2022 Accompagner des processus de transformation personnelle en encourageant l\u2019alignement entre nos vibrations int\u00e9rieures et les r\u00e9alit\u00e9s que nous voulons manifester.<\/p>\n\n\n\n<p>\u2022 Cr\u00e9er des liens vibratoires entre les individus, favorisant des communications plus harmonieuses et des interactions plus authentiques.<\/p>\n\n\n\n<p>Pour r\u00e9sumer le Centre de recherche en communication vibratoire est un espace d\u2019exploration pour mieux comprendre les r\u00e9percussions des vibrations sur nos vies et nos relations.<\/p>\n\n\n\n<p class=\"has-text-align-center\" style=\"text-decoration:underline\">Ressources accessibles \u00e0 partir de mars 2026<\/p>\n","protected":false},"excerpt":{"rendered":"<p>Sens du projet Le Centre de recherche en communication vibratoire a pour mission d\u2019\u00e9tudier, comprendre et d\u00e9velopper des outils autour des fr\u00e9quences vibratoires et de leur impact sur le corps, l\u2019esprit, et les relations humaines. Nous croyons que la communication vibratoire est une cl\u00e9 essentielle pour harmoniser nos relations avec [&hellip;]<\/p>\n","protected":false},"author":1,"featured_media":347,"parent":0,"menu_order":0,"comment_status":"closed","ping_status":"closed","template":"","meta":{"footnotes":""},"class_list":["post-336","page","type-page","status-publish","has-post-thumbnail","hentry"],"_links":{"self":[{"href":"https:\/\/www.institutdeslangagesvibratoires.fr\/index.php\/wp-json\/wp\/v2\/pages\/336","targetHints":{"allow":["GET"]}}],"collection":[{"href":"https:\/\/www.institutdeslangagesvibratoires.fr\/index.php\/wp-json\/wp\/v2\/pages"}],"about":[{"href":"https:\/\/www.institutdeslangagesvibratoires.fr\/index.php\/wp-json\/wp\/v2\/types\/page"}],"author":[{"embeddable":true,"href":"https:\/\/www.institutdeslangagesvibratoires.fr\/index.php\/wp-json\/wp\/v2\/users\/1"}],"replies":[{"embeddable":true,"href":"https:\/\/www.institutdeslangagesvibratoires.fr\/index.php\/wp-json\/wp\/v2\/comments?post=336"}],"version-history":[{"count":15,"href":"https:\/\/www.institutdeslangagesvibratoires.fr\/index.php\/wp-json\/wp\/v2\/pages\/336\/revisions"}],"predecessor-version":[{"id":933,"href":"https:\/\/www.institutdeslangagesvibratoires.fr\/index.php\/wp-json\/wp\/v2\/pages\/336\/revisions\/933"}],"wp:featuredmedia":[{"embeddable":true,"href":"https:\/\/www.institutdeslangagesvibratoires.fr\/index.php\/wp-json\/wp\/v2\/media\/347"}],"wp:attachment":[{"href":"https:\/\/www.institutdeslangagesvibratoires.fr\/index.php\/wp-json\/wp\/v2\/media?parent=336"}],"curies":[{"name":"wp","href":"https:\/\/api.w.org\/{rel}","templated":true}]}}